(-20). Let g(v) = 2*v**2 + 1. Let z be g(-3). Calculate the greatest common factor of s and z.
19
Suppose 3*l = -15, 7*a + 3*l = 8*a - 624. Calculate the highest common factor of 63 and a.
21
Let s = -495 - -498. Suppose 2 = s*t - 49. What is the highest common divisor of t and 221?
17
Let l = -1312 + 2309. Let b = l + -709. What is the highest common divisor of b and 9?
9
Let g = -8 - -13. Suppose -w - 2*s + 21 = 0, 38*w + g*s + 33 = 40*w. What is the greatest common divisor of 19 and w?
19
Let u be -2*14/8*(-27 + (-3498)/(-154)). Calculate the greatest common divisor of 1220 and u.
5
Let g be 1/(-2) + (-28)/(-8). Suppose -3*m - 23 = -5*n, n - 5*n = 2*m - 14. Calculate the highest common factor of g and n.
1
Let s be (-2 - -1)*(-60702)/201. What is the highest common factor of 3473 and s?
151
Suppose -w = -i + 251, 2*i - 15*w = -19*w + 508. Calculate the highest common divisor of 1428 and i.
84
Let j = 10339 + -6697. What is the highest common divisor of j and 3?
3
Let a = 40 + -28. Let x(q) = -10 - q + 31 + 67 + 5*q**2 + 44. Let l be x(0). Calculate the highest common factor of l and a.
12
Let m be 408/(-20) - (-10)/25. Let x(z) = -2*z**2 - 42*z - 35. Let v be x(m). Calculate the greatest common factor of v and 40.
5
Let t = 2746 + -2694. What is the highest common factor of 124 and t?
4
Suppose 4687 - 100 = 3*m + 5*g, 3124 = 2*m - 4*g. Calculate the greatest common divisor of 128 and m.
8
Let t(h) = h + 12. Let m be t(-7). Suppose 0 = -m*j - s + 1341, -2*j + 2*s = -0*s - 546. Let v = -161 + j. Calculate the highest common factor of v and 27.
27
Suppose -4*n = -11*n + 105. Suppose 11*s - 702 = -n*s. What is the greatest common factor of s and 279?
9
Suppose 4*n - 363 = s, -6*s = -5*n - 4*s + 453. Let t = 638 + n. What is the highest common factor of 27 and t?
27
Let i(p) = 4*p**2 + 82*p - 419. Let k be i(6). What is the greatest common factor of 7 and k?
7
Let j = 2957 - -2289. What is the greatest common divisor of j and 172?
86
Let q be ((-1610)/966)/((-1)/((-252)/(-10))). Calculate the highest common divisor of q and 4914.
42
Let n(k) = -6*k**3 - 11*k**2 - 8*k + 2. Let u be n(-1). Let z(o) = -8*o + 5. Let l = -9 - -4. Let d be z(l). Calculate the highest common divisor of u and d.
5
Let c(x) = -x**3 - 30*x**2 - 44*x + 38. Let i be c(-31). Suppose 7*h - 5008 - i = 0. Calculate the highest common factor of h and 81.
81
Let b be ((-7662)/(-2) - 1)/(-14 + 16). Calculate the greatest common factor of 15 and b.
5
Let u = 5128 - 3264. Calculate the greatest common factor of u and 8.
8
Suppose -100135 = -5*z - 2*h + 31220, 131325 = 5*z - 4*h. What is the highest common divisor of z and 241?
241
Let x = 457 - 409. Suppose 0 = 3*f + 5*m - 247 + x, -3*m - 139 = -2*f. Calculate the greatest common factor of 51 and f.
17
Let h be 6/7 - 112155/(-105). Suppose -1071*v + h*v + 70 = 0. What is the highest common divisor of 10 and v?
5
Let l(s) = -2*s**3 - 7*s**2 - 72*s - 396. Let x be l(-6). What is the highest common divisor of x and 135?
27
Let y(z) = z**3 + 12*z**2 + 11*z + 14. Let j be y(-9). Let t = j - 74. What is the highest common divisor of t and 12?
12
Let h be 261/2*((-30)/(-5) - -12). What is the greatest common factor of h and 81?
81
Suppose 37*u - 5 = 32*u. Let t be ((1 - 5) + 66)/u. What is the greatest common factor of 155 and t?
31
Let l(k) = -5*k + 10. Let t = 32 - 36. Let y be l(t). Let v be 6/y - (-478)/10. What is the highest common factor of v and 16?
16
Let m = 35 - 23. Suppose -2*k = 237*k - 260 - 218. Calculate the greatest common factor of k and m.
2
Suppose 4*b + 22 = j + j, -3*b + 4*j = 29. Let u be 4/b - 9260/30. Let h = -75 - u. What is the greatest common factor of 94 and h?
47
Let v be -3 + 6 + 5 + -3. Suppose -2*b + 1070 = v*m, 2*m - 2*b = 358 + 84. What is the greatest common factor of m and 27?
27
Suppose -17*j = 28*j - 675. Let f be 110/6*(5 + (-3 - -16)). Calculate the greatest common factor of j and f.
15
Suppose -5*f + 4*a + 30093 = -37791, -5*f + 67878 = -3*a. Calculate the highest common factor of f and 12.
12
Let x(y) = -75*y - 1268. Let a be x(-101). Calculate the greatest common divisor of 238 and a.
119
Let n(s) = -60*s - 2. Let d be (-6)/5 + (-17)/(-85). Let r be n(d). Let z = 60 - r. Calculate the greatest common factor of 26 and z.
2
Suppose 2*t + 0*t = -216. Let q = 129 + t. Calculate the highest common divisor of q and 84.
21
Suppose -5*c + 240011 = 32291. Let b be 1/1 + (-42)/7 + 4. Let h be c/270 + (b - 34/(-30)). Calculate the greatest common factor of 22 and h.
22
Let a be 2*-18*(-1)/(-2). Let m = 322 + -517. Let y be (-6)/a + m/(-9). Calculate the highest common divisor of y and 44.
22
Let x = 94 - 76. Let b = 494 + -449. Calculate the highest common divisor of b and x.
9
Let j be ((-10)/(220/121))/((-1)/2). Calculate the greatest common divisor of j and 16104.
11
Suppose 0 = -0*i + 26*i + 9204. Let a = -326 - i. What is the highest common divisor of a and 7?
7
Suppose 0 = 6*d + 16*d - 44. Let t be (1*17/d)/(19/152). Calculate the greatest common divisor of 2 and t.
2
Let n = -325 - -588. Let w = 494 - n. What is the highest common divisor of w and 66?
33
Let t be 5/(((-1770)/148)/3 + 4). Suppose 186 = -4*h - t. Let s = 51 - h. Calculate the highest common divisor of 10 and s.
10
Let b(l) = -2*l + 72. Suppose -5*h + 5 = -0, -5*m + 44 = 4*h. Let p be b(m). Calculate the greatest common factor of p and 70.
14
Suppose -504 = 4*n - 2*n. Let k be (-2 - n) + 2 + 0. Suppose -5*v + 982*q - 987*q = -235, -4*v + 3*q = -111. What is the greatest common divisor of v and k?
36
Suppose 47*l - 3*b + 4779 = 50*l, -l = -2*b - 1614. Calculate the highest common factor of l and 275.
25
Let m = -575 + 762. Let j be 6 + (-2 - -1) + m + 0. What is the greatest common divisor of 6 and j?
6
Suppose n = 5, -4*f + 2*n + 296 = -54. Let v be (f/(-8))/(((-5)/(-20))/(-1)). Let t be 1*(-7)/((-35)/v). Calculate the greatest common divisor of 72 and t.
9
Let s = -129 - -85. Let d = 107 + s. Let q = -33 + d. What is the greatest common divisor of q and 5?
5
Let t(s) = -7*s - 10*s - 1 - 3 - 23*s. Let i be t(-3). Let j be (4/5)/((-8)/i)*-10. What is the greatest common divisor of 29 and j?
29
Suppose -f - 35 = -h, -4*f - h = -f + 85. Let i be (-60)/120*f/1. Calculate the greatest common divisor of 3 and i.
3
Suppose -t + 2*z = 3, -3*t - 3*z - 3 = -7*t. Let w be 53 - (2 - -2 - t). What is the highest common factor of 13 and w?
13
Let r(t) = 5*t**2 - 10*t - 58. Let q be r(-3). Let u(j) = -2*j**2 - j - 5*j + 3*j**2 + 1. Let d be u(8). Calculate the highest common factor of q and d.
17
Suppose 1 = -2*y + s + 470, 0 = y + 4*s - 230. Suppose -10*u + 4*u - y = 0. Let b = -34 - u. What is the greatest common factor of 35 and b?
5
Let u be (-2817)/(-45)*-4 - (-6)/15. Let m = -215 - u. Calculate the highest common factor of 21 and m.
7
Suppose 2*y = -2*t + 262, -y + 2*y = 5. Suppose -t - 144 = -9*c. Let w be (-4)/(-2)*15/2. Calculate the greatest common factor of w and c.
15
Let c be 42*(-13)/((-312)/12). Calculate the highest common factor of c and 28.
7
Suppose 0 = 3*d - z - 18827, -2*z = -5*d + 31545 - 164. What is the greatest common factor of d and 51?
51
Suppose -83913*m + 83932*m = 14079. Calculate the greatest common divisor of 663 and m.
39
Let b = -169 + 62. Let t = -103 - b. What is the highest common factor of 100 and t?
4
Let p(t) = 5*t**2 - 1. Let q be p(-1). Suppose d + 0*d = -2*g + 47, 54 = 3*g - q*d. Suppose g*w + 66 = 24*w. What is the highest common divisor of w and 132?
33
Suppose -k = -5*k - 80. Let b be 3/(-6)*1*k. Suppose 139*c - 130 = 126*c. Calculate the highest common divisor of c and b.
10
Let j(z) = -41*z + 125. Let b be j(3). Let v be b*(-18)/60 - 5679/(-15). What is the highest common factor of v and 14?
14
Suppose 3*t = 2*j + 20, -2*t - 138 = 4*j - 130. Let c = -4 - -48. What is the highest common factor of c and t?
4
Suppose -2*m + 1882 = 2*j, 5*m = j - 2124 + 6811. Calculate the highest common factor of 14 and m.
14
Let f(y) = -13*y**2 + 23*y - 73. Let w(b) = 7*b**2 - 11*b + 37. Let d(p) = 6*f(p) + 11*w(p). Let j be d(9). Calculate the greatest common divisor of 41 and j.
41
Let u(v) = 37*v - 2383. Let d be u(74). Calculate the greatest common divisor of 213 and d.
71
Let v(k) = -k**3 - 16*k**2 + 79*k - 20. L